{"version":"1.0","provider_name":"Revista Amigos","provider_url":"https:\/\/www.udep.edu.pe\/amigos","author_name":"Direcci\u00f3n de Comunicaci\u00f3n","author_url":"https:\/\/www.udep.edu.pe\/amigos\/author\/dircom\/","title":"T\u00fapac Yupanqui, el Resplandeciente - Revista Amigos","type":"rich","width":600,"height":338,"html":"<blockquote class=\"wp-embedded-content\" data-secret=\"FOYP59ErFT\"><a href=\"https:\/\/www.udep.edu.pe\/amigos\/tupac-yupanqui-el-resplandeciente\/\">T\u00fapac Yupanqui, el Resplandeciente<\/a><\/blockquote><iframe sandbox=\"allow-scripts\" security=\"restricted\" src=\"https:\/\/www.udep.edu.pe\/amigos\/tupac-yupanqui-el-resplandeciente\/embed\/#?secret=FOYP59ErFT\" width=\"600\" height=\"338\" title=\"\u00abT\u00fapac Yupanqui, el Resplandeciente\u00bb \u2014 Revista Amigos\" data-secret=\"FOYP59ErFT\" frameborder=\"0\" marginwidth=\"0\" marginheight=\"0\" scrolling=\"no\" class=\"wp-embedded-content\"><\/iframe><script type=\"text\/javascript\">\n\/* <![CDATA[ *\/\n\/*! This file is auto-generated *\/\n!function(d,l){\"use strict\";l.querySelector&&d.addEventListener&&\"undefined\"!=typeof URL&&(d.wp=d.wp||{},d.wp.receiveEmbedMessage||(d.wp.receiveEmbedMessage=function(e){var t=e.data;if((t||t.secret||t.message||t.value)&&!\/[^a-zA-Z0-9]\/.test(t.secret)){for(var s,r,n,a=l.querySelectorAll('iframe[data-secret=\"'+t.secret+'\"]'),o=l.querySelectorAll('blockquote[data-secret=\"'+t.secret+'\"]'),c=new RegExp(\"^https?:$\",\"i\"),i=0;i<o.length;i++)o[i].style.display=\"none\";for(i=0;i<a.length;i++)s=a[i],e.source===s.contentWindow&&(s.removeAttribute(\"style\"),\"height\"===t.message?(1e3<(r=parseInt(t.value,10))?r=1e3:~~r<200&&(r=200),s.height=r):\"link\"===t.message&&(r=new URL(s.getAttribute(\"src\")),n=new URL(t.value),c.test(n.protocol))&&n.host===r.host&&l.activeElement===s&&(d.top.location.href=t.value))}},d.addEventListener(\"message\",d.wp.receiveEmbedMessage,!1),l.addEventListener(\"DOMContentLoaded\",function(){for(var e,t,s=l.querySelectorAll(\"iframe.wp-embedded-content\"),r=0;r<s.length;r++)(t=(e=s[r]).getAttribute(\"data-secret\"))||(t=Math.random().toString(36).substring(2,12),e.src+=\"#?secret=\"+t,e.setAttribute(\"data-secret\",t)),e.contentWindow.postMessage({message:\"ready\",secret:t},\"*\")},!1)))}(window,document);\n\/* ]]> *\/\n<\/script>\n","thumbnail_url":"https:\/\/www.udep.edu.pe\/amigos\/wp-content\/uploads\/sites\/95\/2017\/10\/T-\u00a6pac-Yupanqui-Jos-\u00ae-Antonio-del-Busto3-4.jpg","thumbnail_width":1915,"thumbnail_height":1077,"description":"Esta obra historiogr\u00e1fica in\u00e9dita cierra todo un cap\u00edtulo en las investigaciones sobre el conquistador quechua, realizadas por el historiador Jos\u00e9 Antonio del Busto. El proyecto editorial fue asumido por la Facultad de Humanidades, ante el gentil ofrecimiento de la se\u00f1ora Teresa Guerin, viuda del autor."}

Dirección de Comunicación

Túpac Yupanqui, el Resplandeciente - Revista Amigos

<blockquote class="wp-embedded-content" data-secret="FOYP59ErFT"><a href="https://www.udep.edu.pe/amigos/tupac-yupanqui-el-resplandeciente/">Túpac Yupanqui, el Resplandeciente</a></blockquote><iframe sandbox="allow-scripts" security="restricted" src="https://www.udep.edu.pe/amigos/tupac-yupanqui-el-resplandeciente/embed/#?secret=FOYP59ErFT" width="600" height="338" title="«Túpac Yupanqui, el Resplandeciente» — Revista Amigos" data-secret="FOYP59ErFT" frameborder="0" marginwidth="0" marginheight="0" scrolling="no" class="wp-embedded-content"></iframe><script type="text/javascript">
/* <![CDATA[ */
/*! This file is auto-generated */
!function(d,l){"use strict";l.querySelector&&d.addEventListener&&"undefined"!=typeof URL&&(d.wp=d.wp||{},d.wp.receiveEmbedMessage||(d.wp.receiveEmbedMessage=function(e){var t=e.data;if((t||t.secret||t.message||t.value)&&!/[^a-zA-Z0-9]/.test(t.secret)){for(var s,r,n,a=l.querySelectorAll('iframe[data-secret="'+t.secret+'"]'),o=l.querySelectorAll('blockquote[data-secret="'+t.secret+'"]'),c=new RegExp("^https?:$","i"),i=0;i<o.length;i++)o[i].style.display="none";for(i=0;i<a.length;i++)s=a[i],e.source===s.contentWindow&&(s.removeAttribute("style"),"height"===t.message?(1e3<(r=parseInt(t.value,10))?r=1e3:~~r<200&&(r=200),s.height=r):"link"===t.message&&(r=new URL(s.getAttribute("src")),n=new URL(t.value),c.test(n.protocol))&&n.host===r.host&&l.activeElement===s&&(d.top.location.href=t.value))}},d.addEventListener("message",d.wp.receiveEmbedMessage,!1),l.addEventListener("DOMContentLoaded",function(){for(var e,t,s=l.querySelectorAll("iframe.wp-embedded-content"),r=0;r<s.length;r++)(t=(e=s[r]).getAttribute("data-secret"))||(t=Math.random().toString(36).substring(2,12),e.src+="#?secret="+t,e.setAttribute("data-secret",t)),e.contentWindow.postMessage({message:"ready",secret:t},"*")},!1)))}(window,document);
/* ]]> */
</script>

Esta obra historiográfica inédita cierra todo un capítulo en las investigaciones sobre el conquistador quechua, realizadas por el historiador José Antonio del Busto. El proyecto editorial fue asumido por la Facultad de Humanidades, ante el gentil ofrecimiento de la señora Teresa Guerin, viuda del autor.
