{"version":"1.0","provider_name":"Revista Amigos","provider_url":"https:\/\/www.udep.edu.pe\/amigos","author_name":"Direcci\u00f3n de Comunicaci\u00f3n","author_url":"https:\/\/www.udep.edu.pe\/amigos\/author\/dircom\/","title":"Los declaran Patrimonio Cultural de la Naci\u00f3n - Revista Amigos","type":"rich","width":600,"height":338,"html":"<blockquote class=\"wp-embedded-content\" data-secret=\"XzZPxv1fc3\"><a href=\"https:\/\/www.udep.edu.pe\/amigos\/los-declaran-patrimonio-cultural-de-la-nacion\/\">Los declaran Patrimonio Cultural de la Naci\u00f3n<\/a><\/blockquote><iframe sandbox=\"allow-scripts\" security=\"restricted\" src=\"https:\/\/www.udep.edu.pe\/amigos\/los-declaran-patrimonio-cultural-de-la-nacion\/embed\/#?secret=XzZPxv1fc3\" width=\"600\" height=\"338\" title=\"\u00abLos declaran Patrimonio Cultural de la Naci\u00f3n\u00bb \u2014 Revista Amigos\" data-secret=\"XzZPxv1fc3\" frameborder=\"0\" marginwidth=\"0\" marginheight=\"0\" scrolling=\"no\" class=\"wp-embedded-content\"><\/iframe><script type=\"text\/javascript\">\n\/* <![CDATA[ *\/\n\/*! This file is auto-generated *\/\n!function(d,l){\"use strict\";l.querySelector&&d.addEventListener&&\"undefined\"!=typeof URL&&(d.wp=d.wp||{},d.wp.receiveEmbedMessage||(d.wp.receiveEmbedMessage=function(e){var t=e.data;if((t||t.secret||t.message||t.value)&&!\/[^a-zA-Z0-9]\/.test(t.secret)){for(var s,r,n,a=l.querySelectorAll('iframe[data-secret=\"'+t.secret+'\"]'),o=l.querySelectorAll('blockquote[data-secret=\"'+t.secret+'\"]'),c=new RegExp(\"^https?:$\",\"i\"),i=0;i<o.length;i++)o[i].style.display=\"none\";for(i=0;i<a.length;i++)s=a[i],e.source===s.contentWindow&&(s.removeAttribute(\"style\"),\"height\"===t.message?(1e3<(r=parseInt(t.value,10))?r=1e3:~~r<200&&(r=200),s.height=r):\"link\"===t.message&&(r=new URL(s.getAttribute(\"src\")),n=new URL(t.value),c.test(n.protocol))&&n.host===r.host&&l.activeElement===s&&(d.top.location.href=t.value))}},d.addEventListener(\"message\",d.wp.receiveEmbedMessage,!1),l.addEventListener(\"DOMContentLoaded\",function(){for(var e,t,s=l.querySelectorAll(\"iframe.wp-embedded-content\"),r=0;r<s.length;r++)(t=(e=s[r]).getAttribute(\"data-secret\"))||(t=Math.random().toString(36).substring(2,12),e.src+=\"#?secret=\"+t,e.setAttribute(\"data-secret\",t)),e.contentWindow.postMessage({message:\"ready\",secret:t},\"*\")},!1)))}(window,document);\n\/* ]]> *\/\n<\/script>\n","thumbnail_url":"https:\/\/www.udep.edu.pe\/amigos\/wp-content\/uploads\/sites\/95\/2026\/04\/Historia-Natural-de-las-Indias.jpg","thumbnail_width":2000,"thumbnail_height":1125,"description":"Cuatro unidades bibliogr\u00e1ficas documentales (1590-1952) y veintis\u00e9is negativos fotogr\u00e1ficos (1961-1964), custodiados por\u00a0la UDEP en su campus de Piura, fueron declarados Patrimonio Cultural de la Naci\u00f3n, ante la iniciativa de la Biblioteca\u00a0Nacional del Per\u00fa. Los cuatro documentos son el libro Historia natvral y moral de las Indias [&#8230;] (1590) de Joseph de Acosta, destacado\u00a0naturalista y te\u00f3logo [&hellip;]"}

Dirección de Comunicación

Los declaran Patrimonio Cultural de la Nación - Revista Amigos

<blockquote class="wp-embedded-content" data-secret="XzZPxv1fc3"><a href="https://www.udep.edu.pe/amigos/los-declaran-patrimonio-cultural-de-la-nacion/">Los declaran Patrimonio Cultural de la Nación</a></blockquote><iframe sandbox="allow-scripts" security="restricted" src="https://www.udep.edu.pe/amigos/los-declaran-patrimonio-cultural-de-la-nacion/embed/#?secret=XzZPxv1fc3" width="600" height="338" title="«Los declaran Patrimonio Cultural de la Nación» — Revista Amigos" data-secret="XzZPxv1fc3" frameborder="0" marginwidth="0" marginheight="0" scrolling="no" class="wp-embedded-content"></iframe><script type="text/javascript">
/* <![CDATA[ */
/*! This file is auto-generated */
!function(d,l){"use strict";l.querySelector&&d.addEventListener&&"undefined"!=typeof URL&&(d.wp=d.wp||{},d.wp.receiveEmbedMessage||(d.wp.receiveEmbedMessage=function(e){var t=e.data;if((t||t.secret||t.message||t.value)&&!/[^a-zA-Z0-9]/.test(t.secret)){for(var s,r,n,a=l.querySelectorAll('iframe[data-secret="'+t.secret+'"]'),o=l.querySelectorAll('blockquote[data-secret="'+t.secret+'"]'),c=new RegExp("^https?:$","i"),i=0;i<o.length;i++)o[i].style.display="none";for(i=0;i<a.length;i++)s=a[i],e.source===s.contentWindow&&(s.removeAttribute("style"),"height"===t.message?(1e3<(r=parseInt(t.value,10))?r=1e3:~~r<200&&(r=200),s.height=r):"link"===t.message&&(r=new URL(s.getAttribute("src")),n=new URL(t.value),c.test(n.protocol))&&n.host===r.host&&l.activeElement===s&&(d.top.location.href=t.value))}},d.addEventListener("message",d.wp.receiveEmbedMessage,!1),l.addEventListener("DOMContentLoaded",function(){for(var e,t,s=l.querySelectorAll("iframe.wp-embedded-content"),r=0;r<s.length;r++)(t=(e=s[r]).getAttribute("data-secret"))||(t=Math.random().toString(36).substring(2,12),e.src+="#?secret="+t,e.setAttribute("data-secret",t)),e.contentWindow.postMessage({message:"ready",secret:t},"*")},!1)))}(window,document);
/* ]]> */
</script>

Cuatro unidades bibliográficas documentales (1590-1952) y veintiséis negativos fotográficos (1961-1964), custodiados por la UDEP en su campus de Piura, fueron declarados Patrimonio Cultural de la Nación, ante la iniciativa de la Biblioteca Nacional del Perú. Los cuatro documentos son el libro Historia natvral y moral de las Indias [&#8230;] (1590) de Joseph de Acosta, destacado naturalista y teólogo [&hellip;]
